ivide n?
False
Let m be (-56)/(-10) + 27/(-45). Suppose 4*g = 4*f - 152, m*f - 117 = -5*g + 53. Suppose -5*r - r + f = 0. Is r a multiple of 2?
True
Let t be -1 + (-2)/((-10)/1345). Suppose -a = -0*h + 5*h - t, -4*h - a = -214. Suppose -2*q + 2*k - 18 = -3*q, -5*k + h = 3*q. Is q a multiple of 3?
True
Suppose -141 = -j - 75. Let p = j - 26. Suppose -2*l - 6 = 0, 3*x - 2*l = p + 11. Does 3 divide x?
True
Let z be (-18 + 7 + 10)/(3/(-21)). Suppose -1462 = -z*o + 5615. Is 12 a factor of o?
False
Let d = -3623 - -5156. Does 15 divide d?
False
Let d(x) = 952*x**2 - 165*x + 77. Is d(5) a multiple of 102?
True
Suppose 61169*i = 61192*i - 29992. Is 5 a factor of i?
False
Let v be 1728/3 - (-7 + 4). Let s = v + 87. Does 37 divide s?
True
Let j(q) = 3*q - 4*q**2 - q**3 - 2*q**3 + 4 + 4*q**3. Let g be j(3). Suppose 0 = 2*n + 4*d + g, -3*n - 2*n + 2*d + 38 = 0. Is 5 a factor of n?
False
Suppose -3*h = -y + 31, 3*h - 5 = 2*h. Suppose z - 75 - y = 0. Let f = z + -50. Does 13 divide f?
False
Let k = -503 + 556. Suppose 305 = 3*z + k. Does 3 divide z?
True
Suppose 0 = -29*b - 1118 + 5178. Is 127 a factor of b?
False
Let y(j) = 8*j + 83 - 4*j - 22 - 5*j. Does 7 divide y(33)?
True
Let k(v) = v**2 + 37*v - 9*v - 26*v**2 + v**3 + 51. Is k(24) a multiple of 21?
True
Suppose -5*k - 5*i - 3541 = 279, 2*k - 3*i + 1548 = 0. Let q = -522 - k. Is 36 a factor of q?
False
Let s be 4/(-30) - (-9784)/30*1. Let v = 462 - s. Is 68 a factor of v?
True
Is 3 a factor of -10 + 4 + 1337 + -13?
False
Let a(o) = -8*o + 42. Let q be a(-6). Suppose -q = -11*j + j. Suppose 13*u - j*u = 244. Does 6 divide u?
False
Let p(k) = 790*k + 919. Is p(3) a multiple of 156?
False
Suppose 35*z = 10*z - 13*z + 93214. Is 11 a factor of z?
True
Let c(m) = -m**3 - 7*m**2 + 10*m + 14. Let z be c(-8). Let k be 106/(-5) - (0 + 2/(-10)). Does 9 divide (144/21)/(z/k)?
True
Suppose 3*z - 10 = 5*a, a = 5*z + 2*a + 2. Suppose z = -5*d + 4*n + 1802, 5*n - 324 = -4*d + 1093. Is d a multiple of 57?
False
Is 54 a factor of (16929/(-165))/((-196)/(-200) + -1)?
True
Suppose 13*g = 369 + 203. Is 7 a factor of g/(-506) + 7615/23?
False
Let u(f) = 1. Let h(w) = -147*w + 3. Let t(s) = h(s) - 6*u(s). Let l = 119 + -120. Does 16 divide t(l)?
True
Let w = 2178 - -1124. Let h = 179 + -177. Suppose -h*u + 15*u = w. Is 20 a factor of u?
False
Suppose -1391*t + 1385*t = -37794. Is 5 a factor of t?
False
Suppose -10*x + 9*x = -904. Is 8 a factor of x?
True
Let i(q) = -q**3 + 3*q + 1. Let k be i(-2). Suppose -5 = -5*o + k*u, 4*o + 5*u = o - 31. Does 11 divide 1*((-30)/o + -2)?
False
Let w(l) = 11*l**2 - 232*l - 10. Does 5 divide w(-8)?
True
Let s(i) = -293*i**2 - 14*i + 20. Let t(v) = 195*v**2 + 9*v - 13. Let u(k) = 5*s(k) + 8*t(k). Is u(-4) a multiple of 52?
True
Let t be ((-10)/(-3))/(4/66). Let o be 688/(-18) + (611/117 - 5). Let z = t + o. Is z a multiple of 17?
True
Suppose -34*z + 154268 = -73872. Is z a multiple of 61?
True
Suppose -12*a + 1555 + 7205 = 0. Does 5 divide a?
True
Let g be 82*(2 - (0 + 0)). Suppose -4*x = 59*x + 192 + 4722. Let n = g + x. Is n a multiple of 32?
False
Let a(b) = b**3 + 3*b**2 - 5*b + 1. Let o(v) = 4*v + 23. Let n be o(-7). Let j be a(n). Is 9 a factor of (-2128)/j - 6/9?
False
Suppose -q + 15 = -46. Let h = q + -59. Suppose -h*x + 2*d = d - 71, 15 = 3*d. Is x a multiple of 3?
False
Suppose 11*p - 24 = 1714. Does 3 divide p?
False
Does 26 divide ((-14)/(-2) - -1) + 15649 + -13 + 76?
False
Let g(d) = -690*d + 3108. Is 9 a factor of g(-16)?
True
Let a(p) = -p**3 - 21*p**2 - 16*p + 80. Let t be a(-20). Suppose 4*l - 696 + 150 = 2*g, t = -3*l + 2*g + 407. Is l a multiple of 4?
False
Suppose 0 = 195*i - 35*i - 1860480. Does 38 divide i?
True
Let u(i) = -282*i**2 + i + 4. Let n be u(-2). Let w = -608 - n. Is 65 a factor of w?
False
Let t(a) = 18*a**2 + 7*a - 172. Does 138 divide t(22)?
True
Let c = 14698 - 10174. Is c a multiple of 174?
True
Suppose -2*g + 30 = 3*g. Let c be (-16)/g - (-2)/(-6). Let o = c + 22. Is o even?
False
Suppose 108*s - 107*s - 636 = 0. Suppose 5*f = 6*g - 5*g + s, 4*f = -g + 516. Is 11 a factor of f?
False
Let y = -111 - -400. Suppose 16*f - 33*f = -y. Is 4 a factor of f?
False
Is 97 a factor of (-23 + -59)/((-9)/(-12) + (-44591)/59364)?
True
Suppose 0 = -28*j - 16*j + 503668. Suppose -j + 2429 = -9*r. Is 13 a factor of r?
False
Let q = 22883 + -9998. Is 31 a factor of q?
False
Suppose 348*t = 104*t + 4836080. Is 99 a factor of t?
False
Let j(w) = -w**3 - 65*w**2 - 151*w + 255. Is j(-68) a multiple of 205?
True
Let d be (9/(-2))/((-18)/48). Let v be (d/(-7) - (-16)/(-56)) + 106. Suppose -5*c = -v - 171. Does 11 divide c?
True
Let o be ((1 + -4)/(-12))/(8/64). Suppose -x + o*a = -943, x - 5*a - 649 = 300. Is 14 a factor of x?
False
Suppose 5*w - 8*w = -3*g - 18, w - 7 = 2*g. Suppose -5*l = -l - 5*z + 23, 4*l - 4*z = -20. Is g/((-83)/41 - l) a multiple of 8?
False
Suppose 3*z + 5*a - 65 = 0, -6*z + 49 = -3*z + a. Let d be (1 + 5/z)*18. Let u = d - -9. Is 12 a factor of u?
False
Suppose 7 + 20 = 3*b + 5*h, -13 = -b - 3*h. Let m = 6 + -2. Suppose x + m*q = -4*x + 186, 0 = -q + b. Does 10 divide x?
False
Suppose 0*b = -9*b + 1017. Suppose 4*p + z - b = 0, -4*p + 8*p - 114 = -2*z. Is 20 a factor of p?
False
Let l be (-4 - -25)/3 - 2. Suppose -l*s + 2172 = -1693. Suppose 272 + s = 5*q. Does 35 divide q?
False
Let c(o) = o. Let f(w) = -3*w - 9. Let b(t) = -2*c(t) - f(t). Let m be b(-11). Is (-2)/(3/72*(1 + m)) a multiple of 16?
True
Is ((-24240)/(-1414))/(2*(-1)/(-7945)) a multiple of 150?
True
Is (-8 - (-30208016)/592) + (-6)/111 a multiple of 39?
False
Let m = 25 + 125. Let u be 3/(-6)*(1 + 1). Let h = u + m. Is 23 a factor of h?
False
Let o = -1462 - -866. Let t = 1013 - o. Is t a multiple of 15?
False
Let x be (3 - -5)*(-2)/(-4). Let l(p) = 2*p**2 + 6*p - 6. Let k be l(x). Let f = k + 0. Does 5 divide f?
True
Is 30 a factor of 48/(-6) - (4 + -2 - -1380)*-4?
True
Let q(s) = 1097*s**2 + 130*s + 26. Does 87 divide q(5)?
True
Let v(f) = 15*f**2 + f - 1. Let l = -101 + 102. Is 15 a factor of v(l)?
True
Let f = 136 + -131. Suppose f*g - 408 = 102. Is 17 a factor of g?
True
Let v(y) = 59*y**3 - 2*y - 9. Let a be v(3). Suppose 14*h + a = 10412. Is h a multiple of 47?
False
Let i(n) = 2*n**3 + 4*n**2 - 77*n + 467. Does 72 divide i(13)?
True
Let h = -88 - -32. Let r be (h/(-6))/2 - (-36)/(-54). Suppose -204 = -2*d - 2*o, -3*d - r*o = -266 - 43. Is d a multiple of 33?
True
Suppose 3*f - 9*f + 9205 = -29963. Does 6 divide f?
True
Suppose -32*h + 91 = -8965. Is 7 a factor of h?
False
Suppose -j = -3*j + 5*h + 42184, 84338 = 4*j - 5*h. Is 87 a factor of j?
False
Suppose 0 = 28*z - 16*z - 2268. Suppose z = d - 2*c - 116, 0 = -2*d - 2*c + 580. Is d a multiple of 23?
False
Suppose 37841 + 5089 = 53*l. Does 6 divide l?
True
Let o(q) = 45*q**2 - 8*q - 4. Let t be o(3). Let x = 79 + t. Is 12 a factor of x?
True
Let f be 402/4*17/((-510)/(-820)). Suppose 32*g = -1019 + f. Does 2 divide g?
True
Suppose 0 = 2*a - 4*d + 5*d + 316, 640 = -4*a + 2*d. Is -1*(-4 + a)*1 a multiple of 4?
False
Let g(s) = 526*s - 3383. Is 27 a factor of g(51)?
False
Suppose 4*q - 5*g + 4203 = 0, q - g = -0*g - 1051. Let w = -375 - q. Is 9 a factor of w?
False
Let r be 2/(-6)*(-13)/(65/(-30)). Does 14 divide 1*141 - 3/(-6)*r?
True
Suppose 0 = -u + 2*i + 123 - 14, -2*i - 8 = 0. Suppose u = m + 17. Is 16 a factor of m?
False
Suppose 4*v + 3*y + 104 = -y, -43 = 3*v - 4*y. Let t = v + 15. Let r = t + 22. Does 3 divide r?
False
Let l = -7218 + 10359. Does 9 divide l?
True
Let y be (-4)/(-10) - 535/25. Let j(q) = q**3 + 22*q**2 + 20*q - 11. Let t be j(y). Is 14 a factor of (16*1)/(t/105)?
True
Let k = -1170 - -49. Let w = 75 - k. Is w a multiple of 46?
True
Let o(c) = -c**3 + 4*c**2 + 2. Let q be o(4). Suppose 2 - q = 8*x. Is 30 a factor of 181 + -1 - (x/5)/4?
True
Let z = -165 - -116. Let i = z - -192. Does 6 divide i?
False
Let v = 132 + -126. Let z(g) = g**3 + 6*g**2 + 3*g + 29. Is z(v) a multiple of 35?
False
Suppose 3*n = -v + 9, 3*n = n + 4. Let o be (-6936)/(-48)*(-1 + 2 - v). Let w = o + 445. Is w a multiple of 59?
False
Let g = -236 + 181. Let a = 91 + g. Is a a multiple of 3?
True
Let m(a) = 31*a**2 + 14*a + 48. Let q be m(-4). Let s = -364 + q. Is 31 a factor of s?
True
Let s be 14/35 + 2 + 27090/25. Let u = -143 + 